test common divisor of 13 and 143.
13
Calculate the highest common factor of 120 and 28.
4
What is the greatest common factor of 65 and 117?
13
What is the greatest common divisor of 3132 and 27?
27
What is the highest common factor of 4611 and 159?
159
What is the greatest common divisor of 116 and 1421?
29
Calculate the greatest common factor of 748 and 2754.
34
Calculate the greatest common factor of 469 and 35.
7
What is the greatest common factor of 1664 and 65?
13
Calculate the greatest common divisor of 24 and 2532.
12
Calculate the highest common divisor of 46 and 27002.
46
Calculate the highest common factor of 64 and 16672.
32
Calculate the greatest common divisor of 10953 and 9.
9
What is the greatest common factor of 17283 and 21?
21
What is the greatest common divisor of 676 and 208?
52
Calculate the greatest common divisor of 121 and 32670.
121
Calculate the highest common factor of 40 and 16.
8
Calculate the greatest common factor of 21 and 177.
3
Calculate the highest common factor of 168 and 147.
21
Calculate the greatest common factor of 176 and 16.
16
Calculate the greatest common divisor of 10 and 810.
10
Calculate the greatest common divisor of 2142 and 1666.
238
What is the greatest common factor of 2128 and 5936?
112
What is the highest common factor of 272 and 306?
34
What is the highest common divisor of 1397 and 11?
11
Calculate the highest common factor of 275 and 154.
11
Calculate the highest common factor of 12 and 588.
12
What is the greatest common divisor of 832 and 64?
64
Calculate the greatest common factor of 2 and 122.
2
What is the greatest common factor of 72 and 954?
18
Calculate the highest common factor of 14 and 12446.
14
What is the highest common factor of 2268 and 21?
21
What is the greatest common divisor of 2806 and 122?
122
What is the greatest common divisor of 92 and 88?
4
What is the highest common factor of 96 and 12?
12
What is the greatest common factor of 225 and 275?
25
Calculate the highest common divisor of 5031 and 117.
117
What is the highest common factor of 6001 and 85?
17
What is the greatest common factor of 77 and 22?
11
What is the greatest common factor of 7106 and 187?
187
Calculate the highest common divisor of 216 and 24.
24
Calculate the greatest common divisor of 9 and 531.
9
What is the greatest common divisor of 39 and 156?
39
What is the highest common divisor of 26 and 481?
13
What is the greatest common divisor of 32 and 14?
2
What is the greatest common factor of 192 and 168?
24
What is the highest common factor of 176 and 32?
16
What is the highest common divisor of 62 and 24149?
31
Calculate the greatest common factor of 15 and 2985.
15
Calculate the greatest common factor of 37761 and 246.
123
Calculate the highest common divisor of 552 and 840.
24
Calculate the highest common divisor of 100 and 620.
20
Calculate the highest common divisor of 245 and 35.
35
What is the highest common divisor of 5452 and 232?
116
What is the greatest common divisor of 23 and 23?
23
What is the highest common factor of 560 and 5?
5
What is the greatest common factor of 50 and 10?
10
What is the greatest common factor of 133 and 19?
19
Calculate the greatest common factor of 1 and 61.
1
Calculate the greatest common divisor of 3243 and 552.
69
What is the highest common factor of 134 and 15209?
67
Calculate the greatest common factor of 1068 and 36.
12
What is the greatest common divisor of 414 and 46?
46
Calculate the greatest common factor of 176 and 385.
11
Calculate the greatest common divisor of 44 and 33.
11
Calculate the greatest common factor of 19 and 95.
19
What is the greatest common divisor of 3 and 13?
1
Calculate the greatest common factor of 986 and 4.
2
What is the highest common factor of 1505 and 145?
5
What is the highest common factor of 81 and 15039?
27
What is the highest common factor of 1107 and 246?
123
What is the highest common divisor of 230 and 20?
10
Calculate the greatest common divisor of 108 and 7284.
12
What is the highest common divisor of 82088 and 496?
248
What is the greatest common divisor of 60 and 300?
60
What is the highest common factor of 4104 and 1216?
152
What is the greatest common factor of 33 and 14289?
33
Calculate the greatest common factor of 403 and 62.
31
What is the greatest common factor of 228 and 190?
38
What is the greatest common divisor of 2318 and 38?
38
Calculate the greatest common divisor of 32 and 40.
8
What is the highest common factor of 152 and 209?
19
What is the greatest common factor of 19677 and 42?
21
Calculate the highest common factor of 39 and 312.
39
Calculate the greatest common divisor of 44 and 1694.
22
Calculate the greatest common factor of 102 and 459.
51
Calculate the greatest common factor of 212 and 8.
4
What is the greatest common divisor of 41 and 2009?
41
What is the highest common factor of 68 and 43588?
68
What is the highest common factor of 100 and 14920?
20
Calculate the greatest common divisor of 3402 and 108.
54
What is the greatest common divisor of 1356 and 228?
12
Calculate the highest common divisor of 14 and 3402.
14
What is the highest common factor of 200 and 448?
8
What is the highest common factor of 40 and 144?
8
Calculate the highest common factor of 384 and 216.
24
What is the greatest common divisor of 5 and 15055?
5
Calculate the highest common divisor of 888 and 648.
24
Calculate the greatest common divisor of 2655 and 144.
9
What is the highest common factor of 1391 and 214?
107
What is the highest common divisor of 1274 and 343?
49
Calculate the greatest common divisor of 654 and 12.
6
What is the highest common factor of 458 and 6183?
229
What is the greatest common divisor of 2484 and 1404?
108
Calculate the greatest common factor of 90 and 846.
18
What is the highest common divisor of 608 and 8?
8
What is the highest common divisor of 3795 and 330?
165
What is the highest common factor of 1026 and 81?
27
What is the greatest common divisor of 1196 and 4485?
299
What is the greatest common factor of 128 and 4?
4
What is the greatest common divisor of 28 and 77?
7
What is the greatest common factor of 540 and 315?
45
What is the greatest common divisor of 12488 and 28?
28
What is the highest common divisor of 3276 and 14?
14
What is the greatest common divisor of 480 and 10?
10
Calculate the highest common divisor of 155 and 682.
31
Calculate the greatest common factor of 403 and 124.
31
Calculate the greatest common factor of 93 and 527.
31
Calculate the highest common factor of 28 and 1484.
28
What is the greatest common factor of 36 and 16?
4
What is the greatest common divisor of 16 and 16?
16
What is the highest common divisor of 565 and 8023?
113
What is the greatest common divisor of 166 and 6308?
166
Calculate the highest common factor of 36601 and 34.
17
What is the highest common divisor of 1212 and 24?
12
What is the highest common factor of 81 and 1971?
27
What is the greatest common factor of 170 and 629?
17
Calculate the greatest common factor of 234 and 26.
26
What is the greatest common divisor of 242 and 66?
22
Calculate the highest common factor of 4 and 28.
4
What is the highest common divisor of 2312 and 4?
4
What is the highest common factor of 418 and 66?
22
What is the highest common factor of 12 and 88?
4
What is the greatest common factor of 1495 and 455?
65
Calculate the highest common divisor of 192 and 6.
6
What is the highest common divisor of 377 and 87?
29
What is the greatest common divisor of 20 and 40?
20
What is the highest common factor of 110 and 66?
22
Calculate the highest common factor of 5740 and 448.
28
Calculate the greatest common factor of 1127 and 4186.
161
Calculate the highest common divisor of 165 and 2695.
55
What is the greatest common factor of 18 and 17811?
9
Calculate the highest common factor of 5 and 18400.
5
Calculate the highest common factor of 28 and 266.
14
What is the greatest common factor of 4307 and 59?
59
Calculate the greatest common divisor of 2268 and 7308.
252
Calculate the greatest common divisor of 205 and 35.
5
What is the greatest common divisor of 50 and 27925?
25
What is the highest common factor of 925 and 100?
25
What is the highest common factor of 670 and 268?
134
Calculate the greatest 